emainder when 2207173317 is divided by 3797?
3796
Calculate the remainder when 3316978 is divided by 1658487.
4
Calculate the remainder when 565377 is divided by 7.
1
Calculate the remainder when 1350546 is divided by 1118.
2
Calculate the remainder when 27521677 is divided by 22.
7
What is the remainder when 2060638 is divided by 158501?
125
Calculate the remainder when 421077 is divided by 209159.
2759
What is the remainder when 370230 is divided by 2553?
45
Calculate the remainder when 53774 is divided by 5727.
2231
Calculate the remainder when 418877 is divided by 897.
875
Calculate the remainder when 95987390 is divided by 178.
0
What is the remainder when 5144593 is divided by 54?
13
Calculate the remainder when 49705 is divided by 9886.
275
What is the remainder when 399291 is divided by 28519?
25
What is the remainder when 1455855 is divided by 38?
37
What is the remainder when 67144477 is divided by 12?
1
What is the remainder when 3476376 is divided by 10471?
4
What is the remainder when 3918970 is divided by 2176?
2170
Calculate the remainder when 2984223 is divided by 1200.
1023
Calculate the remainder when 2262313 is divided by 1268.
201
Calculate the remainder when 23449 is divided by 7541.
826
Calculate the remainder when 22149147 is divided by 194.
167
Calculate the remainder when 37051 is divided by 35731.
1320
Calculate the remainder when 27758246 is divided by 949.
945
What is the remainder when 13855315 is divided by 209929?
1
What is the remainder when 7493443 is divided by 356?
355
What is the remainder when 57908 is divided by 948?
80
What is the remainder when 307568 is divided by 320?
48
Calculate the remainder when 2605691 is divided by 9079.
18
What is the remainder when 26480144 is divided by 58?
12
What is the remainder when 58837 is divided by 1899?
1867
Calculate the remainder when 7086143 is divided by 1336.
1335
Calculate the remainder when 53134 is divided by 27.
25
Calculate the remainder when 3586 is divided by 496.
114
Calculate the remainder when 1053671 is divided by 55456.
7
Calculate the remainder when 31107571 is divided by 10369189.
4
What is the remainder when 2285328 is divided by 1234?
1194
Calculate the remainder when 1274552 is divided by 1710.
602
What is the remainder when 1088581 is divided by 1168?
5
What is the remainder when 1446762 is divided by 7?
2
Calculate the remainder when 33561847 is divided by 50.
47
What is the remainder when 6739457 is divided by 135?
122
What is the remainder when 166848 is divided by 365?
43
Calculate the remainder when 502814092 is divided by 43.
42
Calculate the remainder when 250943 is divided by 62735.
3
Calculate the remainder when 7266852 is divided by 209.
131
Calculate the remainder when 27404771 is divided by 24252.
11
Calculate the remainder when 1237410 is divided by 7.
6
What is the remainder when 608118 is divided by 202684?
66
What is the remainder when 2081347 is divided by 2065?
1892
Calculate the remainder when 186246 is divided by 84.
18
What is the remainder when 1737987 is divided by 16?
3
Calculate the remainder when 95051 is divided by 23699.
255
Calculate the remainder when 21364 is divided by 6896.
676
What is the remainder when 2214994 is divided by 221499?
4
Calculate the remainder when 122726 is divided by 350.
226
What is the remainder when 81387 is divided by 1691?
219
What is the remainder when 544767 is divided by 180?
87
What is the remainder when 4330832 is divided by 744?
8
What is the remainder when 12178174 is divided by 59?
43
What is the remainder when 12244182 is divided by 6122067?
48
Calculate the remainder when 153799 is divided by 396.
151
What is the remainder when 649778 is divided by 108206?
542
What is the remainder when 122634877 is divided by 721?
708
What is the remainder when 387166 is divided by 3416?
1158
What is the remainder when 233657 is divided by 5991?
8
What is the remainder when 1526804 is divided by 43?
3
Calculate the remainder when 104888 is divided by 50515.
3858
Calculate the remainder when 113554 is divided by 55778.
1998
What is the remainder when 915694 is divided by 15153?
6514
Calculate the remainder when 5819550 is divided by 1418.
78
What is the remainder when 7659727 is divided by 152?
143
Calculate the remainder when 76913 is divided by 1051.
190
Calculate the remainder when 259682 is divided by 77.
38
What is the remainder when 243048 is divided by 121419?
210
Calculate the remainder when 20623 is divided by 5039.
467
Calculate the remainder when 1228202 is divided by 163.
160
What is the remainder when 14762 is divided by 85?
57
What is the remainder when 5025 is divided by 1651?
72
What is the remainder when 35450537 is divided by 152804?
9
Calculate the remainder when 14307019 is divided by 1788364.
107
Calculate the remainder when 35792096 is divided by 37.
35
Calculate the remainder when 803756 is divided by 89305.
11
Calculate the remainder when 101039 is divided by 32903.
2330
Calculate the remainder when 6393844 is divided by 586.
584
What is the remainder when 483644 is divided by 14217?
266
Calculate the remainder when 8822893 is divided by 377.
339
What is the remainder when 234336155 is divided by 263?
262
Calculate the remainder when 1847958 is divided by 615984.
6
Calculate the remainder when 14459 is divided by 7057.
345
Calculate the remainder when 24680548 is divided by 137880.
28
What is the remainder when 1606193 is divided by 25?
18
What is the remainder when 453520 is divided by 2782?
54
Calculate the remainder when 162571 is divided by 15046.
12111
What is the remainder when 8073286 is divided by 2018321?
2
Calculate the remainder when 123708 is divided by 513.
75
Calculate the remainder when 531851912 is divided by 361.
359
What is the remainder when 16222247 is divided by 349?
29
Calculate the remainder when 60081384 is divided by 401.
356
Calculate the remainder when 1104981 is divided by 1295.
346
What is the remainder when 19760508 is divided by 125?
8
Calculate the remainder when 13420571 is divided by 2082.
2081
What is the remainder when 60514 is divided by 5705?
3464
What is the remainder when 5876616 is divided by 71666?
4
What is the remainder when 275943 is divided by 55188?
3
What is the remainder when 45405629 is divided by 45?
44
What is the remainder when 28085479 is divided by 1994?
1983
Calculate the remainder when 449799 is divided by 617.
6
What is the remainder when 162136737 is divided by 212499?
0
What is the remainder when 10333520 is divided by 84?
8
Calculate the remainder when 186785 is divided by 388.
157
Calculate the remainder when 325758 is divided by 162179.
1400
Calculate the remainder when 1214016559 is divided by 290.
289
What is the remainder when 904510 is divided by 15531?
3712
Calculate the remainder when 1707807 is divided by 1328.
1327
Calculate the remainder when 22437288 is divided by 88.
16
What is the remainder when 2931735 is divided by 48?
39
What is the remainder when 373954 is divided by 186548?
858
What is the remainder when 193082 is divided by 63086?
3824
What is the remainder when 416201 is divided by 656?
297
What is the remainder when 69455 is divided by 1944?
1415
Calculate the remainder when 408354 is divided by 1799.
1780
Calculate the remainder when 4605212 is divided by 1173.
14
Calculate the remainder when 21419697 is divided by 172.
21
What is the remainder when 65884 is divided by 30218?
5448
Calculate the remainder when 1272774 is divided by 19069.
14220
What is the remainder when 1805502 is divided by 300901?
96
Calculate the remainder when 1455147013 is divided by 285.
283
What is the remainder when 915952 is divided by 4422?
598
Calculate the remainder when 539857216 is divided by 15957.
15949
Calculate the remainder when 11724872 is divided by 202.
186
Calculate the remainder when 35463 is divided by 10897.
2772
Calculate the remainder when 439393 is divided by 7086.
61
Calculate the remainder when 50818 is divided by 16003.
2809
What is the remainder when 667996 is divided by 483?
7
What is the remainder when 2308737 is divided by 460?
457
What is the remainder when 547012 is divided by 273478?
56
Calculate the remainder when 910086 is divided by 25278.
78
Calculate the remainder when 1987353